{"id":13499,"date":"2018-10-25T14:46:39","date_gmt":"2018-10-25T12:46:39","guid":{"rendered":"http:\/\/ekoporty.szczecin.pl\/?post_type=al_product&#038;p=13499"},"modified":"2021-09-28T10:33:13","modified_gmt":"2021-09-28T08:33:13","slug":"24-10-2018-galeria","status":"publish","type":"al_product","link":"https:\/\/ekoporty.szczecin.pl\/?produkt=24-10-2018-galeria","title":{"rendered":"24.10.2018  galeria"},"content":{"rendered":"","protected":false},"excerpt":{"rendered":"<p>ksi\u0105\u017cka za 1 pkt.-162 szt.<\/p>\n<p>ksi\u0105\u017cka za\u00a0 5 pkt. &#8211; 24 szt.<\/p>\n<p>figurki dekoracyjne za 1 pkt. &#8211; 2 szt.<\/p>\n<p>kubki za 1 pkt. &#8211; 12 szt.<\/p>\n<p>pluszak za 5 pkt. &#8211; 12 szt.<\/p>\n<p>pluszak za 1 pkt. &#8211; 6 szt.<\/p>\n<p>wazon za 5 pkt.-\u00a0 3 szt.<\/p>\n<p>ramki za 1 pkt. &#8211; 2 szt.<\/p>\n<p>dekoracja du\u017ca za 5 pkt. &#8211; 3 szt.<\/p>\n<p>wazon za 1 pkt. &#8211; 1 szt.<\/p>\n<p>figurka dekoracyjna ma\u0142a za\u00a0 pkt. &#8211; 3 szt.<\/p>\n<p>zabawki r\u00f3\u017cne za 1 pkt. &#8211; 9 szt.<\/p>\n<p>\u015bwiecznik za 5 pkt. &#8211; 1 szt.<\/p>\n<p>torebki r\u00f3\u017cne za 1 pkt. &#8211; 1 szt.<\/p>\n<p>rze\u017aba drewniana za 5 pkt.-\u00a0 2 szt.<\/p>\n<p>doniczka ma\u0142a za 1 pkt. &#8211; 7 szt.<\/p>\n<p>doniczka du\u017ca za 5 pkt. &#8211;\u00a0 7 szt.<\/p>\n<p>krzes\u0142a za 5 pkt.- 2 szt.<\/p>\n<p>p\u0142yty CD za\u00a0 1 pkt. &#8211; 59 szt.<\/p>\n<p>wieszaki za 1 pkt. &#8211; 10 szt.<\/p>\n<p>&nbsp;<\/p>\n<p>&nbsp;<\/p>\n","protected":false},"featured_media":3432,"template":"","al_product-cat":[127],"class_list":["post-13499","al_product","type-al_product","status-publish","has-post-thumbnail","hentry","al_product-cat-archiwum"],"yoast_head":"<!-- This site is optimized with the Yoast SEO plugin v27.5 - https:\/\/yoast.com\/product\/yoast-seo-wordpress\/ -->\n<title>24.10.2018 galeria &#171; EKOPORTY SZCZECIN<\/title>\n<meta name=\"robots\" content=\"index, follow, max-snippet:-1, max-image-preview:large, max-video-preview:-1\" \/>\n<link rel=\"canonical\" href=\"https:\/\/ekoporty.szczecin.pl\/?produkt=24-10-2018-galeria\" \/>\n<meta property=\"og:locale\" content=\"pl_PL\" \/>\n<meta property=\"og:type\" content=\"article\" \/>\n<meta property=\"og:title\" content=\"24.10.2018 galeria &#171; EKOPORTY SZCZECIN\" \/>\n<meta property=\"og:description\" content=\"ksi\u0105\u017cka za 1 pkt.-162 szt.  ksi\u0105\u017cka za\u00a0 5 pkt. - 24 szt.  figurki dekoracyjne za 1 pkt. - 2 szt.  kubki za 1 pkt. - 12 szt.  pluszak za 5 pkt. - 12 szt.  pluszak za 1 pkt. - 6 szt.  wazon za 5 pkt.-\u00a0 3 szt.  ramki za 1 pkt. - 2 szt.  dekoracja du\u017ca za 5 pkt. - 3 szt.  wazon za 1 pkt. - 1 szt.  figurka dekoracyjna ma\u0142a za\u00a0 pkt. - 3 szt.  zabawki r\u00f3\u017cne za 1 pkt. - 9 szt.  \u015bwiecznik za 5 pkt. - 1 szt.  torebki r\u00f3\u017cne za 1 pkt. - 1 szt.  rze\u017aba drewniana za 5 pkt.-\u00a0 2 szt.  doniczka ma\u0142a za 1 pkt. - 7 szt.  doniczka du\u017ca za 5 pkt. -\u00a0 7 szt.  krzes\u0142a za 5 pkt.- 2 szt.  p\u0142yty CD za\u00a0 1 pkt. - 59 szt.  wieszaki za 1 pkt. - 10 szt.  &nbsp;  &nbsp;\" \/>\n<meta property=\"og:url\" content=\"https:\/\/ekoporty.szczecin.pl\/?produkt=24-10-2018-galeria\" \/>\n<meta property=\"og:site_name\" content=\"EKOPORTY SZCZECIN\" \/>\n<meta property=\"article:modified_time\" content=\"2021-09-28T08:33:13+00:00\" \/>\n<meta property=\"og:image\" content=\"https:\/\/ekoporty.szczecin.pl\/wp-content\/uploads\/2018\/03\/Galeria-Szparga\u0142ek-1.jpg\" \/>\n\t<meta property=\"og:image:width\" content=\"1500\" \/>\n\t<meta property=\"og:image:height\" content=\"1500\" \/>\n\t<meta property=\"og:image:type\" content=\"image\/jpeg\" \/>\n<meta name=\"twitter:card\" content=\"summary_large_image\" \/>\n<script type=\"application\/ld+json\" class=\"yoast-schema-graph\">{\"@context\":\"https:\\\/\\\/schema.org\",\"@graph\":[{\"@type\":\"WebPage\",\"@id\":\"https:\\\/\\\/ekoporty.szczecin.pl\\\/?produkt=24-10-2018-galeria\",\"url\":\"https:\\\/\\\/ekoporty.szczecin.pl\\\/?produkt=24-10-2018-galeria\",\"name\":\"24.10.2018 galeria &#171; EKOPORTY SZCZECIN\",\"isPartOf\":{\"@id\":\"https:\\\/\\\/ekoporty.szczecin.pl\\\/#website\"},\"primaryImageOfPage\":{\"@id\":\"https:\\\/\\\/ekoporty.szczecin.pl\\\/?produkt=24-10-2018-galeria#primaryimage\"},\"image\":{\"@id\":\"https:\\\/\\\/ekoporty.szczecin.pl\\\/?produkt=24-10-2018-galeria#primaryimage\"},\"thumbnailUrl\":\"https:\\\/\\\/ekoporty.szczecin.pl\\\/wp-content\\\/uploads\\\/2018\\\/03\\\/Galeria-Szparga\u0142ek-1.jpg\",\"datePublished\":\"2018-10-25T12:46:39+00:00\",\"dateModified\":\"2021-09-28T08:33:13+00:00\",\"breadcrumb\":{\"@id\":\"https:\\\/\\\/ekoporty.szczecin.pl\\\/?produkt=24-10-2018-galeria#breadcrumb\"},\"inLanguage\":\"pl-PL\",\"potentialAction\":[{\"@type\":\"ReadAction\",\"target\":[\"https:\\\/\\\/ekoporty.szczecin.pl\\\/?produkt=24-10-2018-galeria\"]}]},{\"@type\":\"ImageObject\",\"inLanguage\":\"pl-PL\",\"@id\":\"https:\\\/\\\/ekoporty.szczecin.pl\\\/?produkt=24-10-2018-galeria#primaryimage\",\"url\":\"https:\\\/\\\/ekoporty.szczecin.pl\\\/wp-content\\\/uploads\\\/2018\\\/03\\\/Galeria-Szparga\u0142ek-1.jpg\",\"contentUrl\":\"https:\\\/\\\/ekoporty.szczecin.pl\\\/wp-content\\\/uploads\\\/2018\\\/03\\\/Galeria-Szparga\u0142ek-1.jpg\",\"width\":1500,\"height\":1500},{\"@type\":\"BreadcrumbList\",\"@id\":\"https:\\\/\\\/ekoporty.szczecin.pl\\\/?produkt=24-10-2018-galeria#breadcrumb\",\"itemListElement\":[{\"@type\":\"ListItem\",\"position\":1,\"name\":\"Strona g\u0142\u00f3wna\",\"item\":\"https:\\\/\\\/ekoporty.szczecin.pl\\\/\"},{\"@type\":\"ListItem\",\"position\":2,\"name\":\"Produkty\",\"item\":\"https:\\\/\\\/ekoporty.szczecin.pl\\\/?post_type=al_product\"},{\"@type\":\"ListItem\",\"position\":3,\"name\":\"24.10.2018 galeria\"}]},{\"@type\":\"WebSite\",\"@id\":\"https:\\\/\\\/ekoporty.szczecin.pl\\\/#website\",\"url\":\"https:\\\/\\\/ekoporty.szczecin.pl\\\/\",\"name\":\"Ekoporty\",\"description\":\"ZUK Szczecin - Punkty Selektywnej Zbi\u00f3rki Odpad\u00f3w Komunalnych - Zapraszamy\",\"publisher\":{\"@id\":\"https:\\\/\\\/ekoporty.szczecin.pl\\\/#organization\"},\"potentialAction\":[{\"@type\":\"SearchAction\",\"target\":{\"@type\":\"EntryPoint\",\"urlTemplate\":\"https:\\\/\\\/ekoporty.szczecin.pl\\\/?s={search_term_string}\"},\"query-input\":{\"@type\":\"PropertyValueSpecification\",\"valueRequired\":true,\"valueName\":\"search_term_string\"}}],\"inLanguage\":\"pl-PL\"},{\"@type\":\"Organization\",\"@id\":\"https:\\\/\\\/ekoporty.szczecin.pl\\\/#organization\",\"name\":\"Zak\u0142ad Us\u0142ug Komunalnych Szczecin\",\"url\":\"https:\\\/\\\/ekoporty.szczecin.pl\\\/\",\"logo\":{\"@type\":\"ImageObject\",\"inLanguage\":\"pl-PL\",\"@id\":\"https:\\\/\\\/ekoporty.szczecin.pl\\\/#\\\/schema\\\/logo\\\/image\\\/\",\"url\":\"http:\\\/\\\/ekoporty.szczecin.pl\\\/wp-content\\\/uploads\\\/2018\\\/03\\\/logo5.jpg\",\"contentUrl\":\"http:\\\/\\\/ekoporty.szczecin.pl\\\/wp-content\\\/uploads\\\/2018\\\/03\\\/logo5.jpg\",\"width\":260,\"height\":66,\"caption\":\"Zak\u0142ad Us\u0142ug Komunalnych Szczecin\"},\"image\":{\"@id\":\"https:\\\/\\\/ekoporty.szczecin.pl\\\/#\\\/schema\\\/logo\\\/image\\\/\"}}]}<\/script>\n<!-- \/ Yoast SEO plugin. -->","yoast_head_json":{"title":"24.10.2018 galeria &#171; EKOPORTY SZCZECIN","robots":{"index":"index","follow":"follow","max-snippet":"max-snippet:-1","max-image-preview":"max-image-preview:large","max-video-preview":"max-video-preview:-1"},"canonical":"https:\/\/ekoporty.szczecin.pl\/?produkt=24-10-2018-galeria","og_locale":"pl_PL","og_type":"article","og_title":"24.10.2018 galeria &#171; EKOPORTY SZCZECIN","og_description":"ksi\u0105\u017cka za 1 pkt.-162 szt.  ksi\u0105\u017cka za\u00a0 5 pkt. - 24 szt.  figurki dekoracyjne za 1 pkt. - 2 szt.  kubki za 1 pkt. - 12 szt.  pluszak za 5 pkt. - 12 szt.  pluszak za 1 pkt. - 6 szt.  wazon za 5 pkt.-\u00a0 3 szt.  ramki za 1 pkt. - 2 szt.  dekoracja du\u017ca za 5 pkt. - 3 szt.  wazon za 1 pkt. - 1 szt.  figurka dekoracyjna ma\u0142a za\u00a0 pkt. - 3 szt.  zabawki r\u00f3\u017cne za 1 pkt. - 9 szt.  \u015bwiecznik za 5 pkt. - 1 szt.  torebki r\u00f3\u017cne za 1 pkt. - 1 szt.  rze\u017aba drewniana za 5 pkt.-\u00a0 2 szt.  doniczka ma\u0142a za 1 pkt. - 7 szt.  doniczka du\u017ca za 5 pkt. -\u00a0 7 szt.  krzes\u0142a za 5 pkt.- 2 szt.  p\u0142yty CD za\u00a0 1 pkt. - 59 szt.  wieszaki za 1 pkt. - 10 szt.  &nbsp;  &nbsp;","og_url":"https:\/\/ekoporty.szczecin.pl\/?produkt=24-10-2018-galeria","og_site_name":"EKOPORTY SZCZECIN","article_modified_time":"2021-09-28T08:33:13+00:00","og_image":[{"width":1500,"height":1500,"url":"https:\/\/ekoporty.szczecin.pl\/wp-content\/uploads\/2018\/03\/Galeria-Szparga\u0142ek-1.jpg","type":"image\/jpeg"}],"twitter_card":"summary_large_image","schema":{"@context":"https:\/\/schema.org","@graph":[{"@type":"WebPage","@id":"https:\/\/ekoporty.szczecin.pl\/?produkt=24-10-2018-galeria","url":"https:\/\/ekoporty.szczecin.pl\/?produkt=24-10-2018-galeria","name":"24.10.2018 galeria &#171; EKOPORTY SZCZECIN","isPartOf":{"@id":"https:\/\/ekoporty.szczecin.pl\/#website"},"primaryImageOfPage":{"@id":"https:\/\/ekoporty.szczecin.pl\/?produkt=24-10-2018-galeria#primaryimage"},"image":{"@id":"https:\/\/ekoporty.szczecin.pl\/?produkt=24-10-2018-galeria#primaryimage"},"thumbnailUrl":"https:\/\/ekoporty.szczecin.pl\/wp-content\/uploads\/2018\/03\/Galeria-Szparga\u0142ek-1.jpg","datePublished":"2018-10-25T12:46:39+00:00","dateModified":"2021-09-28T08:33:13+00:00","breadcrumb":{"@id":"https:\/\/ekoporty.szczecin.pl\/?produkt=24-10-2018-galeria#breadcrumb"},"inLanguage":"pl-PL","potentialAction":[{"@type":"ReadAction","target":["https:\/\/ekoporty.szczecin.pl\/?produkt=24-10-2018-galeria"]}]},{"@type":"ImageObject","inLanguage":"pl-PL","@id":"https:\/\/ekoporty.szczecin.pl\/?produkt=24-10-2018-galeria#primaryimage","url":"https:\/\/ekoporty.szczecin.pl\/wp-content\/uploads\/2018\/03\/Galeria-Szparga\u0142ek-1.jpg","contentUrl":"https:\/\/ekoporty.szczecin.pl\/wp-content\/uploads\/2018\/03\/Galeria-Szparga\u0142ek-1.jpg","width":1500,"height":1500},{"@type":"BreadcrumbList","@id":"https:\/\/ekoporty.szczecin.pl\/?produkt=24-10-2018-galeria#breadcrumb","itemListElement":[{"@type":"ListItem","position":1,"name":"Strona g\u0142\u00f3wna","item":"https:\/\/ekoporty.szczecin.pl\/"},{"@type":"ListItem","position":2,"name":"Produkty","item":"https:\/\/ekoporty.szczecin.pl\/?post_type=al_product"},{"@type":"ListItem","position":3,"name":"24.10.2018 galeria"}]},{"@type":"WebSite","@id":"https:\/\/ekoporty.szczecin.pl\/#website","url":"https:\/\/ekoporty.szczecin.pl\/","name":"Ekoporty","description":"ZUK Szczecin - Punkty Selektywnej Zbi\u00f3rki Odpad\u00f3w Komunalnych - Zapraszamy","publisher":{"@id":"https:\/\/ekoporty.szczecin.pl\/#organization"},"potentialAction":[{"@type":"SearchAction","target":{"@type":"EntryPoint","urlTemplate":"https:\/\/ekoporty.szczecin.pl\/?s={search_term_string}"},"query-input":{"@type":"PropertyValueSpecification","valueRequired":true,"valueName":"search_term_string"}}],"inLanguage":"pl-PL"},{"@type":"Organization","@id":"https:\/\/ekoporty.szczecin.pl\/#organization","name":"Zak\u0142ad Us\u0142ug Komunalnych Szczecin","url":"https:\/\/ekoporty.szczecin.pl\/","logo":{"@type":"ImageObject","inLanguage":"pl-PL","@id":"https:\/\/ekoporty.szczecin.pl\/#\/schema\/logo\/image\/","url":"http:\/\/ekoporty.szczecin.pl\/wp-content\/uploads\/2018\/03\/logo5.jpg","contentUrl":"http:\/\/ekoporty.szczecin.pl\/wp-content\/uploads\/2018\/03\/logo5.jpg","width":260,"height":66,"caption":"Zak\u0142ad Us\u0142ug Komunalnych Szczecin"},"image":{"@id":"https:\/\/ekoporty.szczecin.pl\/#\/schema\/logo\/image\/"}}]}},"jetpack_sharing_enabled":true,"_links":{"self":[{"href":"https:\/\/ekoporty.szczecin.pl\/index.php?rest_route=\/wp\/v2\/al_product\/13499","targetHints":{"allow":["GET"]}}],"collection":[{"href":"https:\/\/ekoporty.szczecin.pl\/index.php?rest_route=\/wp\/v2\/al_product"}],"about":[{"href":"https:\/\/ekoporty.szczecin.pl\/index.php?rest_route=\/wp\/v2\/types\/al_product"}],"wp:featuredmedia":[{"embeddable":true,"href":"https:\/\/ekoporty.szczecin.pl\/index.php?rest_route=\/wp\/v2\/media\/3432"}],"wp:attachment":[{"href":"https:\/\/ekoporty.szczecin.pl\/index.php?rest_route=%2Fwp%2Fv2%2Fmedia&parent=13499"}],"wp:term":[{"taxonomy":"al_product-cat","embeddable":true,"href":"https:\/\/ekoporty.szczecin.pl\/index.php?rest_route=%2Fwp%2Fv2%2Fal_product-cat&post=13499"}],"curies":[{"name":"wp","href":"https:\/\/api.w.org\/{rel}","templated":true}]}}

<p>książka za 1 pkt.-162 szt.</p>
<p>książka za  5 pkt. &#8211; 24 szt.</p>
<p>figurki dekoracyjne za 1 pkt. &#8211; 2 szt.</p>
<p>kubki za 1 pkt. &#8211; 12 szt.</p>
<p>pluszak za 5 pkt. &#8211; 12 szt.</p>
<p>pluszak za 1 pkt. &#8211; 6 szt.</p>
<p>wazon za 5 pkt.-  3 szt.</p>
<p>ramki za 1 pkt. &#8211; 2 szt.</p>
<p>dekoracja duża za 5 pkt. &#8211; 3 szt.</p>
<p>wazon za 1 pkt. &#8211; 1 szt.</p>
<p>figurka dekoracyjna mała za  pkt. &#8211; 3 szt.</p>
<p>zabawki różne za 1 pkt. &#8211; 9 szt.</p>
<p>świecznik za 5 pkt. &#8211; 1 szt.</p>
<p>torebki różne za 1 pkt. &#8211; 1 szt.</p>
<p>rzeźba drewniana za 5 pkt.-  2 szt.</p>
<p>doniczka mała za 1 pkt. &#8211; 7 szt.</p>
<p>doniczka duża za 5 pkt. &#8211;  7 szt.</p>
<p>krzesła za 5 pkt.- 2 szt.</p>
<p>płyty CD za  1 pkt. &#8211; 59 szt.</p>
<p>wieszaki za 1 pkt. &#8211; 10 szt.</p>
<p>&nbsp;</p>
<p>&nbsp;</p>

<!-- This site is optimized with the Yoast SEO plugin v27.5 - https://yoast.com/product/yoast-seo-wordpress/ -->
<title>24.10.2018 galeria &#171; EKOPORTY SZCZECIN</title>
<meta name="robots" content="index, follow, max-snippet:-1, max-image-preview:large, max-video-preview:-1" />
<link rel="canonical" href="https://ekoporty.szczecin.pl/?produkt=24-10-2018-galeria" />
<meta property="og:locale" content="pl_PL" />
<meta property="og:type" content="article" />
<meta property="og:title" content="24.10.2018 galeria &#171; EKOPORTY SZCZECIN" />
<meta property="og:description" content="książka za 1 pkt.-162 szt.  książka za  5 pkt. - 24 szt.  figurki dekoracyjne za 1 pkt. - 2 szt.  kubki za 1 pkt. - 12 szt.  pluszak za 5 pkt. - 12 szt.  pluszak za 1 pkt. - 6 szt.  wazon za 5 pkt.-  3 szt.  ramki za 1 pkt. - 2 szt.  dekoracja duża za 5 pkt. - 3 szt.  wazon za 1 pkt. - 1 szt.  figurka dekoracyjna mała za  pkt. - 3 szt.  zabawki różne za 1 pkt. - 9 szt.  świecznik za 5 pkt. - 1 szt.  torebki różne za 1 pkt. - 1 szt.  rzeźba drewniana za 5 pkt.-  2 szt.  doniczka mała za 1 pkt. - 7 szt.  doniczka duża za 5 pkt. -  7 szt.  krzesła za 5 pkt.- 2 szt.  płyty CD za  1 pkt. - 59 szt.  wieszaki za 1 pkt. - 10 szt.  &nbsp;  &nbsp;" />
<meta property="og:url" content="https://ekoporty.szczecin.pl/?produkt=24-10-2018-galeria" />
<meta property="og:site_name" content="EKOPORTY SZCZECIN" />
<meta property="article:modified_time" content="2021-09-28T08:33:13+00:00" />
<meta property="og:image" content="https://ekoporty.szczecin.pl/wp-content/uploads/2018/03/Galeria-Szpargałek-1.jpg" />
	<meta property="og:image:width" content="1500" />
	<meta property="og:image:height" content="1500" />
	<meta property="og:image:type" content="image/jpeg" />
<meta name="twitter:card" content="summary_large_image" />
<script type="application/ld+json" class="yoast-schema-graph">{"@context":"https:\/\/schema.org","@graph":[{"@type":"WebPage","@id":"https:\/\/ekoporty.szczecin.pl\/?produkt=24-10-2018-galeria","url":"https:\/\/ekoporty.szczecin.pl\/?produkt=24-10-2018-galeria","name":"24.10.2018 galeria &#171; EKOPORTY SZCZECIN","isPartOf":{"@id":"https:\/\/ekoporty.szczecin.pl\/#website"},"primaryImageOfPage":{"@id":"https:\/\/ekoporty.szczecin.pl\/?produkt=24-10-2018-galeria#primaryimage"},"image":{"@id":"https:\/\/ekoporty.szczecin.pl\/?produkt=24-10-2018-galeria#primaryimage"},"thumbnailUrl":"https:\/\/ekoporty.szczecin.pl\/wp-content\/uploads\/2018\/03\/Galeria-Szpargałek-1.jpg","datePublished":"2018-10-25T12:46:39+00:00","dateModified":"2021-09-28T08:33:13+00:00","breadcrumb":{"@id":"https:\/\/ekoporty.szczecin.pl\/?produkt=24-10-2018-galeria#breadcrumb"},"inLanguage":"pl-PL","potentialAction":[{"@type":"ReadAction","target":["https:\/\/ekoporty.szczecin.pl\/?produkt=24-10-2018-galeria"]}]},{"@type":"ImageObject","inLanguage":"pl-PL","@id":"https:\/\/ekoporty.szczecin.pl\/?produkt=24-10-2018-galeria#primaryimage","url":"https:\/\/ekoporty.szczecin.pl\/wp-content\/uploads\/2018\/03\/Galeria-Szpargałek-1.jpg","contentUrl":"https:\/\/ekoporty.szczecin.pl\/wp-content\/uploads\/2018\/03\/Galeria-Szpargałek-1.jpg","width":1500,"height":1500},{"@type":"BreadcrumbList","@id":"https:\/\/ekoporty.szczecin.pl\/?produkt=24-10-2018-galeria#breadcrumb","itemListElement":[{"@type":"ListItem","position":1,"name":"Strona główna","item":"https:\/\/ekoporty.szczecin.pl\/"},{"@type":"ListItem","position":2,"name":"Produkty","item":"https:\/\/ekoporty.szczecin.pl\/?post_type=al_product"},{"@type":"ListItem","position":3,"name":"24.10.2018 galeria"}]},{"@type":"WebSite","@id":"https:\/\/ekoporty.szczecin.pl\/#website","url":"https:\/\/ekoporty.szczecin.pl\/","name":"Ekoporty","description":"ZUK Szczecin - Punkty Selektywnej Zbiórki Odpadów Komunalnych - Zapraszamy","publisher":{"@id":"https:\/\/ekoporty.szczecin.pl\/#organization"},"potentialAction":[{"@type":"SearchAction","target":{"@type":"EntryPoint","urlTemplate":"https:\/\/ekoporty.szczecin.pl\/?s={search_term_string}"},"query-input":{"@type":"PropertyValueSpecification","valueRequired":true,"valueName":"search_term_string"}}],"inLanguage":"pl-PL"},{"@type":"Organization","@id":"https:\/\/ekoporty.szczecin.pl\/#organization","name":"Zakład Usług Komunalnych Szczecin","url":"https:\/\/ekoporty.szczecin.pl\/","logo":{"@type":"ImageObject","inLanguage":"pl-PL","@id":"https:\/\/ekoporty.szczecin.pl\/#\/schema\/logo\/image\/","url":"http:\/\/ekoporty.szczecin.pl\/wp-content\/uploads\/2018\/03\/logo5.jpg","contentUrl":"http:\/\/ekoporty.szczecin.pl\/wp-content\/uploads\/2018\/03\/logo5.jpg","width":260,"height":66,"caption":"Zakład Usług Komunalnych Szczecin"},"image":{"@id":"https:\/\/ekoporty.szczecin.pl\/#\/schema\/logo\/image\/"}}]}</script>
<!-- / Yoast SEO plugin. -->

książka za 1 pkt.-162 szt.  książka za  5 pkt. - 24 szt.  figurki dekoracyjne za 1 pkt. - 2 szt.  kubki za 1 pkt. - 12 szt.  pluszak za 5 pkt. - 12 szt.  pluszak za 1 pkt. - 6 szt.  wazon za 5 pkt.-  3 szt.  ramki za 1 pkt. - 2 szt.  dekoracja duża za 5 pkt. - 3 szt.  wazon za 1 pkt. - 1 szt.  figurka dekoracyjna mała za  pkt. - 3 szt.  zabawki różne za 1 pkt. - 9 szt.  świecznik za 5 pkt. - 1 szt.  torebki różne za 1 pkt. - 1 szt.  rzeźba drewniana za 5 pkt.-  2 szt.  doniczka mała za 1 pkt. - 7 szt.  doniczka duża za 5 pkt. -  7 szt.  krzesła za 5 pkt.- 2 szt.  płyty CD za  1 pkt. - 59 szt.  wieszaki za 1 pkt. - 10 szt.  &nbsp;  &nbsp;

https://ekoporty.szczecin.pl/wp-content/uploads/2018/03/Galeria-Szpargałek-1.jpg

Strona główna

ZUK Szczecin - Punkty Selektywnej Zbiórki Odpadów Komunalnych - Zapraszamy

Zakład Usług Komunalnych Szczecin
