{"id":1277,"date":"2018-02-02T07:55:49","date_gmt":"2018-02-02T06:55:49","guid":{"rendered":"http:\/\/ekoporty.szczecin.pl\/?page_id=1277"},"modified":"2023-11-03T10:35:16","modified_gmt":"2023-11-03T09:35:16","slug":"zasady-funkcjonowania-galerii","status":"publish","type":"page","link":"https:\/\/ekoporty.szczecin.pl\/?page_id=1277","title":{"rendered":"Zasady funkcjonowania Galerii"},"content":{"rendered":"<p style=\"text-align: center;\"><a href=\"https:\/\/ekoporty.szczecin.pl\/wp-content\/uploads\/2022\/02\/zmieniajace-w-sprawie-zasad-funkcjonowania-Galerii-Szpargalek.pdf\"><strong><span style=\"color: #ff0000;\">ZARZ\u0104DZENIE NR 66\/2023 Dyrektora Zak\u0142adu Us\u0142ug Komunalnych z dnia 23 pa\u017cdziernika 2023 w sprawie szczeg\u00f3\u0142owych zasad funkcjonowania Galerii Szparga\u0142ek (zobacz plik PDF)<\/span><\/strong><\/a><\/p>\n<p style=\"text-align: center;\"><strong><a href=\"https:\/\/ekoporty.szczecin.pl\/wp-content\/uploads\/2018\/02\/Galeria-Szparga%C5%82ek.pdf\"><span style=\"color: #ff0000;\">ZARZ\u0104DZENIE NR 11\/2018 Dyrektora Zak\u0142adu Us\u0142ug Komunalnych z dnia 12 lutego 2018 w sprawie szczeg\u00f3\u0142owych zasad funkcjonowania Galerii Szparga\u0142ek (zobacz plik PDF)<\/span><\/a><\/strong><\/p>\n<p style=\"text-align: center;\"><strong><a href=\"https:\/\/ekoporty.szczecin.pl\/wp-content\/uploads\/2018\/02\/wsp\u00f3\u0142praca-z-organizacjami.pdf\"><span style=\"color: #ff0000;\">ZARZ\u0104DZENIE NR 10\/2018 Dyrektora Zak\u0142adu Us\u0142ug Komunalnych z dnia 12 lutego 2018 w sprawie warunk\u00f3w wsp\u00f3\u0142pracy z organizacjami pozarz\u0105dowymi (zobacz plik PDF)<\/span><\/a><\/strong><\/p>\n<p>&nbsp;<\/p>\n<p><strong>Wybrane informacje<\/strong><\/p>\n<p>Podstaw\u0119 dzia\u0142alno\u015b\u0107 \u201eGalerii Szparga\u0142ek\u201d stanowi Funkcjonowania gminnego systemu punkt\u00f3w selektywnego zbierania odpad\u00f3w komunalnych \u2013 Ekoport\u00f3w, b\u0119d\u0105cy za\u0142\u0105cznikiem do zarz\u0105dzenia Nr9\/18 Prezydenta Miasta Szczecin z dnia 9 stycznia 2018r oraz zarz\u0105dzenie Dyrektora Zak\u0142adu Us\u0142ug Komunalnych.<\/p>\n<p><strong>Galeria Szparga\u0142ek jest dzia\u0142alno\u015bci\u0105 prowadzon\u0105 przez Zak\u0142ad Us\u0142ug Komunalnych<\/strong> na terenie wybranych Ekoport\u00f3w w ramach ich statutowej dzia\u0142alno\u015bci i jest integraln\u0105 cz\u0119\u015bci\u0105 punktu selektywnej zbi\u00f3rki odpad\u00f3w komunalnych. Galeria prowadzona jest w <strong>okre\u015blonych dniach tygodnia<\/strong>, w godzinach 9:30-18:30. Adresy wybranych Ekoport\u00f3w oraz\u00a0 terminy dni otwarcia dost\u0119pne s\u0105 na stronach internetowych;<\/p>\n<ol>\n<li><a href=\"http:\/\/www.zuk.szczecin\">http:\/\/www.zuk.szczecin<\/a>,<\/li>\n<li><a href=\"http:\/\/www.ekoporty.szczecin.pl\">http:\/\/www.ekoporty.szczecin.pl<\/a>,<\/li>\n<li><a href=\"http:\/\/www.um.szczecin.gov\">http:\/\/www.um.szczecin.gov<\/a><\/li>\n<\/ol>\n<p>&nbsp;<\/p>\n<p><strong>Galeria stanowi dzia\u0142alno\u015b\u0107 non profit ZUK.<\/strong><\/p>\n<ul>\n<li>Dzia\u0142alno\u015b\u0107 Galerii oparta jest na przygotowaniu produkt\u00f3w lub ich cz\u0119\u015bci do ponownego u\u017cycia do tego samego celu do jakiego by\u0142y przeznaczone. Nast\u0119pnie <strong>osoby upowa\u017cnionej<\/strong> do korzystania z Galerii b\u0119d\u0105 mog\u0142y je naby\u0107.<\/li>\n<\/ul>\n<p>&nbsp;<\/p>\n<ul>\n<li><strong>Warunkiem upowa\u017cniaj\u0105cym <\/strong>dan\u0105 osob\u0119 do skorzystania z Galerii<strong> jest dokonanie darowizny na rzecz wybranej organizacj<\/strong>i lub posiadanie <strong>\u201eKuponu Galerii\u201d<\/strong>* Darowizna mo\u017ce by\u0107 pieni\u0119\u017cna, rzeczowa lub polega\u0107 mo\u017ce na wykonaniu \u015bwiadczenia jako wolontariusz.<\/li>\n<\/ul>\n<p>&nbsp;<\/p>\n<ul>\n<li><strong>Warto\u015b\u0107 produktu wyra\u017cana jest systemie punktowym<\/strong>. Warto\u015b\u0107 jednego punktu odpowiada warto\u015bci 1 z\u0142otego. Wycena dokonywana jest przez pracownika ZUK, przy uwzgl\u0119dnieniu:<\/li>\n<\/ul>\n<ol>\n<li><strong>1<\/strong>. Dost\u0119pno\u015bci na rynku detalicznym<\/li>\n<li><strong>2<\/strong>. Cen rynkowych<\/li>\n<li><strong>3<\/strong>. Estetyki<\/li>\n<li><strong>4<\/strong>. Zu\u017cycia eksploatacyjnego<\/li>\n<li><strong>5<\/strong>. Unikatowo\u015bci i walor\u00f3w estetycznych.<\/li>\n<\/ol>\n<ul>\n<li>Produkty lub cz\u0119\u015bci produkt\u00f3w s\u0105 dost\u0119pne w Galerii<\/li>\n<\/ul>\n<p>&nbsp;<\/p>\n<ul>\n<li><strong>Warto\u015b\u0107 punktowa znajduj\u0105cego si\u0119 w Galerii produktu jest warto\u015bci\u0105 minimaln\u0105 za jak\u0105 dana rzecz mo\u017ce zosta\u0107 nieodp\u0142atnie zbyta<\/strong> oznacza to , \u017ce produkt mo\u017ce zosta\u0107 wyceniony wy\u017cej i zale\u017cy to od indywidualnej wyceny i woli darczy\u0144cy.<\/li>\n<\/ul>\n<p>&nbsp;<\/p>\n<p>&nbsp;<\/p>\n<ul>\n<li>Produkty w Galerii dost\u0119pne s\u0105\u00a0 w r\u00f3\u017cnych\u00a0\u00a0 <strong>** dzia\u0142ach towarowych<\/strong>,\u00a0 w\u00a0 nast\u0119puj\u0105cych grupach punktowych:<\/li>\n<\/ul>\n<p><strong>1pkt, 5pkt, 10pkt, 15, pkt, 20pkt, 25pkt <\/strong><\/p>\n<p>&nbsp;<\/p>\n<p><strong>Zak\u0142ad Us\u0142ug Komunalnych przekazuje Kupony Galerii wy\u0142\u0105cznie organizacjom wpisanym na list\u0119 organizacji wsp\u00f3\u0142pracuj\u0105cych<\/strong> \u2013 czyli tych z kt\u00f3rymi podpisano umow\u0119. Dla danej organizacji mo\u017ce zosta\u0107 przydzielone od 10 punkt\u00f3w do 50 punkt\u00f3w miesi\u0119cznie i ilo\u015b\u0107 ta jest negocjowana indywidualnie dla danej organizacji na etapie zawierania umowy.<\/p>\n<p>\u201e<strong>Bon Galerii<\/strong>\u201d jest z kolei dokumentem wydawanym bezpo\u015brednio w Galerii za niewykorzystanie Kuponu w ca\u0142o\u015bci. Nomina\u0142 punktowy bonu stanowi r\u00f3\u017cnic\u0119 pomi\u0119dzy warto\u015bci\u0105 posiadanego wcze\u015bniej kuponu a nabytym produktem.<\/p>\n<p><strong>Z Galeri\u0105 Szparga\u0142ek wsp\u00f3\u0142pracowa\u0107 mog\u0105 organizacj\u0119 pozarz\u0105dowe w rozumieniu ustawy z dnia 24 kwietnia 2003 r. o dzia\u0142alno\u015bci po\u017cytku publicznego i wolontariacie, prowadz\u0105c\u0105 dzia\u0142alno\u015b\u0107 po\u017cytku publicznego, z siedzib\u0105 na terenie Gminy Miasta Szczecin lub dzia\u0142aj\u0105c\u0105 na rzecz mieszka\u0144c\u00f3w Gminy Miasto Szczecin lub wpisan\u0105 na list\u0119 organizacji wsp\u00f3\u0142pracuj\u0105cych<\/strong><\/p>\n<p>Szczeg\u00f3\u0142owe zasady wsp\u00f3\u0142pracy z organizacjami pozarz\u0105dowymi <em>okre\u015bla Zarz\u0105dzenie nr Dyrektora Zak\u0142adu Us\u0142ug Komunalnych W sprawie warunk\u00f3w wsp\u00f3\u0142pracy z organizacjami pozarz\u0105dowymi w rozumieniu ustawy o dzia\u0142alno\u015bci po\u017cytku publicznego i o wolontariacie<\/em><\/p>\n<p>&nbsp;<\/p>\n<p><strong>Lista wsp\u00f3\u0142pracuj\u0105cych z Galeri\u0105 Szparga\u0142ek organizacji jest podawana do publicznej wiadomo\u015bci <\/strong>poprzez wywieszenie ich na Galerii oraz na stronach internetowych;<\/p>\n<ol>\n<li><a href=\"http:\/\/www.zuk.szczecin.pl\">http:\/\/www.zuk.szczecin.pl<\/a><\/li>\n<li><a href=\"http:\/\/www.ecoszczecin.pl\">http:\/\/www.ecoszczecin.pl<\/a><\/li>\n<li><a href=\"http:\/\/www.ekoporty.szczecin.pl\">http:\/\/www.ekoporty.szczecin.pl<\/a><\/li>\n<\/ol>\n<p><strong>Zak\u0142ad Us\u0142ug Komunalnych weryfikuje i wprowadza dane o wp\u0142ywach z tytu\u0142u darowizn, kt\u00f3re otrzyma\u0142y poszczeg\u00f3lne organizacje za po\u015brednictwem Galerii<\/strong><\/p>\n<p><strong>\u00a0<\/strong><\/p>\n<p>*<strong>Kupon Galerii<\/strong> \u2013 jest dokumentem wydawanym przez Organizacj\u0119. Stanowi potwierdzenie wykonania na rzecz danej organizacji pracy wolontaryjnej i uprawnia do korzystania z Galerii po ostemplowaniu przez organizacj\u0119 wsp\u00f3\u0142pracuj\u0105c\u0105 z Galeri\u0105. Warto\u015b\u0107 wyra\u017cona na kuponie mo\u017ce by\u0107 sumowana z warto\u015bci\u0105 innego kuponu i nie posiada limitu czasowego. Osoba posiadaj\u0105ca Kupon jest <strong>osob\u0105 upowa\u017cnion\u0105<\/strong> do korzystania z Galerii<\/p>\n<p><strong>\u00a0<\/strong><\/p>\n<p><strong>** Dzia\u0142y towarowe \u2013 <\/strong>kategoryzuj\u0105 produkty lub cz\u0119\u015bci produkt\u00f3w wed\u0142ug ich zastosowania\u00a0 i u\u017cycia<\/p>\n<p><u>DOM:<\/u><\/p>\n<ol>\n<li>meble (w tym tapicerowane wielkogabarytowe, szafy, komody, p\u00f3\u0142ki itp.)<\/li>\n<li>tekstylia (dywany i wyk\u0142adziny, tkaniny u\u017cytkowe)<\/li>\n<li>artyku\u0142y dekoracyjne<\/li>\n<li>sprz\u0119ty i urz\u0105dzenia AGD<\/li>\n<li>cz\u0119\u015bci i elementy sk\u0142adowe do urz\u0105dze\u0144 elektrycznych i AGD<\/li>\n<\/ol>\n<p>(rury do odkurzaczy, szczotki, \u0142adowarki do telefon\u00f3w kom\u00f3rkowych, g\u0142o\u015bniki, przeno\u015bne akumulatory lub przetworniki pr\u0105du do urz\u0105dze\u0144 elektrycznych i elektronicznych, p\u00f3\u0142ki szklane i pojemniki plastikowe do lod\u00f3wek etc)<\/p>\n<ol>\n<li>naczynia kuchenne<\/li>\n<li>sprz\u0119t o\u015bwietleniowy (w tym lampy, kinkiety, aba\u017cury)<\/li>\n<li>sprz\u0119t elektryczny i elektroniczny<\/li>\n<\/ol>\n<p><u>SPORT I REKREACJA<\/u>:<\/p>\n<ol>\n<li>sprz\u0119t i urz\u0105dzenia sportowe, urz\u0105dzenia rehabilitacyjne (np. rowerki stacjonarne, urz\u0105dzenia masuj\u0105ce, bie\u017cnie, narty, sanki, deskorolki, \u0142y\u017cwy, rolki itp.)<\/li>\n<li>walizki, plecaki, torby<\/li>\n<li>ksi\u0105\u017cki, albumy, wydawnictwa ilustrowane typu poradniki, przewodniki turystyczne i mapy, miesi\u0119czniki ilustrowane,<\/li>\n<li>kasety, ta\u015bmy, p\u0142yty &#8211; muzyka filmy, gry<\/li>\n<\/ol>\n<p><u>\u00a0DZIA\u0141 DZIECI\u0118CY:<\/u><\/p>\n<ol>\n<li>zabawki<\/li>\n<li>w\u00f3zki<\/li>\n<li>sprz\u0119ty piel\u0119gnacyjne i inne artyku\u0142y dzieci\u0119ce (noside\u0142ka, przewijaki, \u0142\u00f3\u017ceczka, kojce etc.)<\/li>\n<\/ol>\n<p><u>ARTYKU\u0141Y TECHNICZNO- BUDOWLANE:<\/u><\/p>\n<ol>\n<li>ceramika budowlana<\/li>\n<li>stolarka budowlana<\/li>\n<li>armatura \u0142azienkowa i kuchenna<\/li>\n<li>inne materia\u0142y budowlane<\/li>\n<li>narz\u0119dzia<\/li>\n<\/ol>\n<p><u>HOBBY &#8211; OGR\u00d3D I ZWIERZ\u0118TA:<\/u><\/p>\n<ol>\n<li>donice ceramiczne, plastikowe i skrzynki<\/li>\n<li>akcesoria dekoracyjne do ogrod\u00f3w i balkon\u00f3w,<\/li>\n<li>meble ogrodowe<\/li>\n<li>narz\u0119dzia ogrodnicze<\/li>\n<li>klatki, akwaria, legowisk, smycze, kaga\u0144ce i inne akcesoria<\/li>\n<\/ol>\n","protected":false},"excerpt":{"rendered":"<p>ZARZ\u0104DZENIE NR 66\/2023 Dyrektora Zak\u0142adu Us\u0142ug Komunalnych z dnia 23 pa\u017cdziernika 2023 w sprawie szczeg\u00f3\u0142owych zasad funkcjonowania Galerii Szparga\u0142ek (zobacz plik PDF) ZARZ\u0104DZENIE NR 11\/2018 Dyrektora Zak\u0142adu Us\u0142ug Komunalnych z dnia 12 lutego 2018 w sprawie szczeg\u00f3\u0142owych zasad funkcjonowania Galerii Szparga\u0142ek (zobacz plik PDF) ZARZ\u0104DZENIE NR 10\/2018 Dyrektora Zak\u0142adu Us\u0142ug Komunalnych z dnia 12 lutego &hellip; <a href=\"https:\/\/ekoporty.szczecin.pl\/?page_id=1277\" class=\"more-link\">Czytaj dalej <span class=\"screen-reader-text\">Zasady funkcjonowania Galerii<\/span><\/a><\/p>\n","protected":false},"author":7,"featured_media":0,"parent":0,"menu_order":0,"comment_status":"closed","ping_status":"closed","template":"","meta":{"footnotes":""},"class_list":["post-1277","page","type-page","status-publish","hentry"],"yoast_head":"<!-- This site is optimized with the Yoast SEO plugin v27.3 - https:\/\/yoast.com\/product\/yoast-seo-wordpress\/ -->\n<title>Zasady funkcjonowania Galerii &#171; EKOPORTY SZCZECIN<\/title>\n<meta name=\"robots\" content=\"index, follow, max-snippet:-1, max-image-preview:large, max-video-preview:-1\" \/>\n<link rel=\"canonical\" href=\"https:\/\/ekoporty.szczecin.pl\/?page_id=1277\" \/>\n<meta property=\"og:locale\" content=\"pl_PL\" \/>\n<meta property=\"og:type\" content=\"article\" \/>\n<meta property=\"og:title\" content=\"Zasady funkcjonowania Galerii &#171; EKOPORTY SZCZECIN\" \/>\n<meta property=\"og:description\" content=\"ZARZ\u0104DZENIE NR 66\/2023 Dyrektora Zak\u0142adu Us\u0142ug Komunalnych z dnia 23 pa\u017cdziernika 2023 w sprawie szczeg\u00f3\u0142owych zasad funkcjonowania Galerii Szparga\u0142ek (zobacz plik PDF) ZARZ\u0104DZENIE NR 11\/2018 Dyrektora Zak\u0142adu Us\u0142ug Komunalnych z dnia 12 lutego 2018 w sprawie szczeg\u00f3\u0142owych zasad funkcjonowania Galerii Szparga\u0142ek (zobacz plik PDF) ZARZ\u0104DZENIE NR 10\/2018 Dyrektora Zak\u0142adu Us\u0142ug Komunalnych z dnia 12 lutego &hellip; Czytaj dalej Zasady funkcjonowania Galerii\" \/>\n<meta property=\"og:url\" content=\"https:\/\/ekoporty.szczecin.pl\/?page_id=1277\" \/>\n<meta property=\"og:site_name\" content=\"EKOPORTY SZCZECIN\" \/>\n<meta property=\"article:modified_time\" content=\"2023-11-03T09:35:16+00:00\" \/>\n<meta name=\"twitter:card\" content=\"summary_large_image\" \/>\n<meta name=\"twitter:label1\" content=\"Szacowany czas czytania\" \/>\n\t<meta name=\"twitter:data1\" content=\"5 minut\" \/>\n<script type=\"application\/ld+json\" class=\"yoast-schema-graph\">{\"@context\":\"https:\\\/\\\/schema.org\",\"@graph\":[{\"@type\":\"WebPage\",\"@id\":\"https:\\\/\\\/ekoporty.szczecin.pl\\\/?page_id=1277\",\"url\":\"https:\\\/\\\/ekoporty.szczecin.pl\\\/?page_id=1277\",\"name\":\"Zasady funkcjonowania Galerii &#171; EKOPORTY SZCZECIN\",\"isPartOf\":{\"@id\":\"https:\\\/\\\/ekoporty.szczecin.pl\\\/#website\"},\"datePublished\":\"2018-02-02T06:55:49+00:00\",\"dateModified\":\"2023-11-03T09:35:16+00:00\",\"breadcrumb\":{\"@id\":\"https:\\\/\\\/ekoporty.szczecin.pl\\\/?page_id=1277#breadcrumb\"},\"inLanguage\":\"pl-PL\",\"potentialAction\":[{\"@type\":\"ReadAction\",\"target\":[\"https:\\\/\\\/ekoporty.szczecin.pl\\\/?page_id=1277\"]}]},{\"@type\":\"BreadcrumbList\",\"@id\":\"https:\\\/\\\/ekoporty.szczecin.pl\\\/?page_id=1277#breadcrumb\",\"itemListElement\":[{\"@type\":\"ListItem\",\"position\":1,\"name\":\"Strona g\u0142\u00f3wna\",\"item\":\"https:\\\/\\\/ekoporty.szczecin.pl\\\/\"},{\"@type\":\"ListItem\",\"position\":2,\"name\":\"Zasady funkcjonowania Galerii\"}]},{\"@type\":\"WebSite\",\"@id\":\"https:\\\/\\\/ekoporty.szczecin.pl\\\/#website\",\"url\":\"https:\\\/\\\/ekoporty.szczecin.pl\\\/\",\"name\":\"Ekoporty\",\"description\":\"ZUK Szczecin - Punkty Selektywnej Zbi\u00f3rki Odpad\u00f3w Komunalnych - Zapraszamy\",\"publisher\":{\"@id\":\"https:\\\/\\\/ekoporty.szczecin.pl\\\/#organization\"},\"potentialAction\":[{\"@type\":\"SearchAction\",\"target\":{\"@type\":\"EntryPoint\",\"urlTemplate\":\"https:\\\/\\\/ekoporty.szczecin.pl\\\/?s={search_term_string}\"},\"query-input\":{\"@type\":\"PropertyValueSpecification\",\"valueRequired\":true,\"valueName\":\"search_term_string\"}}],\"inLanguage\":\"pl-PL\"},{\"@type\":\"Organization\",\"@id\":\"https:\\\/\\\/ekoporty.szczecin.pl\\\/#organization\",\"name\":\"Zak\u0142ad Us\u0142ug Komunalnych Szczecin\",\"url\":\"https:\\\/\\\/ekoporty.szczecin.pl\\\/\",\"logo\":{\"@type\":\"ImageObject\",\"inLanguage\":\"pl-PL\",\"@id\":\"https:\\\/\\\/ekoporty.szczecin.pl\\\/#\\\/schema\\\/logo\\\/image\\\/\",\"url\":\"http:\\\/\\\/ekoporty.szczecin.pl\\\/wp-content\\\/uploads\\\/2018\\\/03\\\/logo5.jpg\",\"contentUrl\":\"http:\\\/\\\/ekoporty.szczecin.pl\\\/wp-content\\\/uploads\\\/2018\\\/03\\\/logo5.jpg\",\"width\":260,\"height\":66,\"caption\":\"Zak\u0142ad Us\u0142ug Komunalnych Szczecin\"},\"image\":{\"@id\":\"https:\\\/\\\/ekoporty.szczecin.pl\\\/#\\\/schema\\\/logo\\\/image\\\/\"}}]}<\/script>\n<!-- \/ Yoast SEO plugin. -->","yoast_head_json":{"title":"Zasady funkcjonowania Galerii &#171; EKOPORTY SZCZECIN","robots":{"index":"index","follow":"follow","max-snippet":"max-snippet:-1","max-image-preview":"max-image-preview:large","max-video-preview":"max-video-preview:-1"},"canonical":"https:\/\/ekoporty.szczecin.pl\/?page_id=1277","og_locale":"pl_PL","og_type":"article","og_title":"Zasady funkcjonowania Galerii &#171; EKOPORTY SZCZECIN","og_description":"ZARZ\u0104DZENIE NR 66\/2023 Dyrektora Zak\u0142adu Us\u0142ug Komunalnych z dnia 23 pa\u017cdziernika 2023 w sprawie szczeg\u00f3\u0142owych zasad funkcjonowania Galerii Szparga\u0142ek (zobacz plik PDF) ZARZ\u0104DZENIE NR 11\/2018 Dyrektora Zak\u0142adu Us\u0142ug Komunalnych z dnia 12 lutego 2018 w sprawie szczeg\u00f3\u0142owych zasad funkcjonowania Galerii Szparga\u0142ek (zobacz plik PDF) ZARZ\u0104DZENIE NR 10\/2018 Dyrektora Zak\u0142adu Us\u0142ug Komunalnych z dnia 12 lutego &hellip; Czytaj dalej Zasady funkcjonowania Galerii","og_url":"https:\/\/ekoporty.szczecin.pl\/?page_id=1277","og_site_name":"EKOPORTY SZCZECIN","article_modified_time":"2023-11-03T09:35:16+00:00","twitter_card":"summary_large_image","twitter_misc":{"Szacowany czas czytania":"5 minut"},"schema":{"@context":"https:\/\/schema.org","@graph":[{"@type":"WebPage","@id":"https:\/\/ekoporty.szczecin.pl\/?page_id=1277","url":"https:\/\/ekoporty.szczecin.pl\/?page_id=1277","name":"Zasady funkcjonowania Galerii &#171; EKOPORTY SZCZECIN","isPartOf":{"@id":"https:\/\/ekoporty.szczecin.pl\/#website"},"datePublished":"2018-02-02T06:55:49+00:00","dateModified":"2023-11-03T09:35:16+00:00","breadcrumb":{"@id":"https:\/\/ekoporty.szczecin.pl\/?page_id=1277#breadcrumb"},"inLanguage":"pl-PL","potentialAction":[{"@type":"ReadAction","target":["https:\/\/ekoporty.szczecin.pl\/?page_id=1277"]}]},{"@type":"BreadcrumbList","@id":"https:\/\/ekoporty.szczecin.pl\/?page_id=1277#breadcrumb","itemListElement":[{"@type":"ListItem","position":1,"name":"Strona g\u0142\u00f3wna","item":"https:\/\/ekoporty.szczecin.pl\/"},{"@type":"ListItem","position":2,"name":"Zasady funkcjonowania Galerii"}]},{"@type":"WebSite","@id":"https:\/\/ekoporty.szczecin.pl\/#website","url":"https:\/\/ekoporty.szczecin.pl\/","name":"Ekoporty","description":"ZUK Szczecin - Punkty Selektywnej Zbi\u00f3rki Odpad\u00f3w Komunalnych - Zapraszamy","publisher":{"@id":"https:\/\/ekoporty.szczecin.pl\/#organization"},"potentialAction":[{"@type":"SearchAction","target":{"@type":"EntryPoint","urlTemplate":"https:\/\/ekoporty.szczecin.pl\/?s={search_term_string}"},"query-input":{"@type":"PropertyValueSpecification","valueRequired":true,"valueName":"search_term_string"}}],"inLanguage":"pl-PL"},{"@type":"Organization","@id":"https:\/\/ekoporty.szczecin.pl\/#organization","name":"Zak\u0142ad Us\u0142ug Komunalnych Szczecin","url":"https:\/\/ekoporty.szczecin.pl\/","logo":{"@type":"ImageObject","inLanguage":"pl-PL","@id":"https:\/\/ekoporty.szczecin.pl\/#\/schema\/logo\/image\/","url":"http:\/\/ekoporty.szczecin.pl\/wp-content\/uploads\/2018\/03\/logo5.jpg","contentUrl":"http:\/\/ekoporty.szczecin.pl\/wp-content\/uploads\/2018\/03\/logo5.jpg","width":260,"height":66,"caption":"Zak\u0142ad Us\u0142ug Komunalnych Szczecin"},"image":{"@id":"https:\/\/ekoporty.szczecin.pl\/#\/schema\/logo\/image\/"}}]}},"jetpack_sharing_enabled":true,"jetpack_shortlink":"https:\/\/wp.me\/P8ZWwp-kB","_links":{"self":[{"href":"https:\/\/ekoporty.szczecin.pl\/index.php?rest_route=\/wp\/v2\/pages\/1277","targetHints":{"allow":["GET"]}}],"collection":[{"href":"https:\/\/ekoporty.szczecin.pl\/index.php?rest_route=\/wp\/v2\/pages"}],"about":[{"href":"https:\/\/ekoporty.szczecin.pl\/index.php?rest_route=\/wp\/v2\/types\/page"}],"author":[{"embeddable":true,"href":"https:\/\/ekoporty.szczecin.pl\/index.php?rest_route=\/wp\/v2\/users\/7"}],"replies":[{"embeddable":true,"href":"https:\/\/ekoporty.szczecin.pl\/index.php?rest_route=%2Fwp%2Fv2%2Fcomments&post=1277"}],"version-history":[{"count":11,"href":"https:\/\/ekoporty.szczecin.pl\/index.php?rest_route=\/wp\/v2\/pages\/1277\/revisions"}],"predecessor-version":[{"id":46752,"href":"https:\/\/ekoporty.szczecin.pl\/index.php?rest_route=\/wp\/v2\/pages\/1277\/revisions\/46752"}],"wp:attachment":[{"href":"https:\/\/ekoporty.szczecin.pl\/index.php?rest_route=%2Fwp%2Fv2%2Fmedia&parent=1277"}],"curies":[{"name":"wp","href":"https:\/\/api.w.org\/{rel}","templated":true}]}}