{"id":161,"date":"2017-07-24T17:20:38","date_gmt":"2017-07-24T15:20:38","guid":{"rendered":"http:\/\/ekoporty.szczecin.pl\/?page_id=161"},"modified":"2025-06-10T11:34:50","modified_gmt":"2025-06-10T09:34:50","slug":"kontakt","status":"publish","type":"page","link":"https:\/\/ekoporty.szczecin.pl\/?page_id=161","title":{"rendered":"Kontakt"},"content":{"rendered":"<h3 style=\"text-align: center;\">Zak\u0142ad Us\u0142ug Komunalnych w Szczecinie<\/h3>\n<p style=\"text-align: center;\"><span style=\"color: #ff0000;\">Kierownik Wydzia\u0142u <\/span>&#8211; <strong>Kamil Karabin &#8211; (91) 485 71 65, 723-578-427<\/strong><\/p>\n<p style=\"text-align: center;\"><strong>e-mail:<\/strong> <a href=\"mailto:kamil.karabin@zuk.szczecin.pl\">kamil.karabin@zuk.szczecin.pl<\/a><\/p>\n<p style=\"text-align: center;\"><span style=\"color: #ff0000;\">Zast\u0119pca Kierownika Wydzia\u0142u<\/span> &#8211; <strong>Jolanta Tarnowska-Jurkiewicz<\/strong>\u00a0<strong>(91) 485 71 50<\/strong><\/p>\n<p style=\"text-align: center;\"><span style=\"color: #000000;\"><strong>e-mail:<\/strong><\/span><a class=\"moz-txt-link-abbreviated\" href=\"mailto:jolanta.tarnowska@zuk.szczecin.pl\"> jolanta.tarnowska@zuk.szczecin.pl<\/a><\/p>\n<h3><\/h3>\n<h3 style=\"text-align: center;\">Numery telefon\u00f3w do poszczeg\u00f3lnych Ekoport\u00f3w<\/h3>\n<p style=\"text-align: left;\">Punkt Selektywnej Zbi\u00f3rki Odpad\u00f3w Komunalnych, ul. <span style=\"color: #ff0000;\">G\u00f3rna<\/span> &#8211; <strong>723 578 400<\/strong><\/p>\n<p style=\"text-align: left;\">Punkt Selektywnej Zbi\u00f3rki Odpad\u00f3w Komunalnych, ul. <span style=\"color: #ff0000;\">Firlika<\/span> &#8211; <strong>723 578 402<\/strong><\/p>\n<p style=\"text-align: left;\">Punkt Selektywnej Zbi\u00f3rki Odpad\u00f3w Komunalnych, ul. <span style=\"color: #ff0000;\">Gda\u0144ska<\/span> &#8211;<strong> 723 578 401<\/strong><\/p>\n<p style=\"text-align: left;\">Punkt Selektywnej Zbi\u00f3rki Odpad\u00f3w Komunalnych, ul. <span style=\"color: #ff0000;\">Helska<\/span> &#8211; <strong>723 578 430<\/strong><\/p>\n<p style=\"text-align: left;\">Punkt Selektywnej Zbi\u00f3rki Odpad\u00f3w Komunalnych, ul. <span style=\"color: #ff0000;\">Ko\u0142backa<\/span> &#8211; <strong>723 578 443<\/strong><\/p>\n<p style=\"text-align: left;\">Punkt Selektywnej Zbi\u00f3rki Odpad\u00f3w Komunalnych, ul <span style=\"color: #ff0000;\">Leszczynowa<\/span> &#8211; <strong>723 578 413<\/strong><\/p>\n<p style=\"text-align: left;\">Punkt Selektywnej Zbi\u00f3rki Odpad\u00f3w Komunalnych, <span style=\"color: #ff0000;\"><span style=\"color: #800000;\">ul<\/span> Arko\u0144ska<\/span> &#8211; <strong>723 578 405<\/strong><\/p>\n<p style=\"text-align: left;\">Punkt Selektywnej Zbi\u00f3rki Odpad\u00f3w Komunalnych, ul <span style=\"color: #ff0000;\">Taczaka<\/span> &#8211; <strong>723 578 436<\/strong><\/p>\n<h2><\/h2>\n<h2><\/h2>\n<h2><\/h2>\n","protected":false},"excerpt":{"rendered":"<p>Zak\u0142ad Us\u0142ug Komunalnych w Szczecinie Kierownik Wydzia\u0142u &#8211; Kamil Karabin &#8211; (91) 485 71 65, 723-578-427 e-mail: kamil.karabin@zuk.szczecin.pl Zast\u0119pca Kierownika Wydzia\u0142u &#8211; Jolanta Tarnowska-Jurkiewicz\u00a0(91) 485 71 50 e-mail: jolanta.tarnowska@zuk.szczecin.pl Numery telefon\u00f3w do poszczeg\u00f3lnych Ekoport\u00f3w Punkt Selektywnej Zbi\u00f3rki Odpad\u00f3w Komunalnych, ul. G\u00f3rna &#8211; 723 578 400 Punkt Selektywnej Zbi\u00f3rki Odpad\u00f3w Komunalnych, ul. Firlika &#8211; 723 578 &hellip; <a href=\"https:\/\/ekoporty.szczecin.pl\/?page_id=161\" class=\"more-link\">Czytaj dalej <span class=\"screen-reader-text\">Kontakt<\/span><\/a><\/p>\n","protected":false},"author":1,"featured_media":0,"parent":0,"menu_order":0,"comment_status":"closed","ping_status":"closed","template":"","meta":{"footnotes":""},"class_list":["post-161","page","type-page","status-publish","hentry"],"yoast_head":"<!-- This site is optimized with the Yoast SEO plugin v27.6 - https:\/\/yoast.com\/product\/yoast-seo-wordpress\/ -->\n<title>Kontakt &#171; EKOPORTY SZCZECIN<\/title>\n<meta name=\"robots\" content=\"index, follow, max-snippet:-1, max-image-preview:large, max-video-preview:-1\" \/>\n<link rel=\"canonical\" href=\"https:\/\/ekoporty.szczecin.pl\/?page_id=161\" \/>\n<meta property=\"og:locale\" content=\"pl_PL\" \/>\n<meta property=\"og:type\" content=\"article\" \/>\n<meta property=\"og:title\" content=\"Kontakt &#171; EKOPORTY SZCZECIN\" \/>\n<meta property=\"og:description\" content=\"Zak\u0142ad Us\u0142ug Komunalnych w Szczecinie Kierownik Wydzia\u0142u &#8211; Kamil Karabin &#8211; (91) 485 71 65, 723-578-427 e-mail: kamil.karabin@zuk.szczecin.pl Zast\u0119pca Kierownika Wydzia\u0142u &#8211; Jolanta Tarnowska-Jurkiewicz\u00a0(91) 485 71 50 e-mail: jolanta.tarnowska@zuk.szczecin.pl Numery telefon\u00f3w do poszczeg\u00f3lnych Ekoport\u00f3w Punkt Selektywnej Zbi\u00f3rki Odpad\u00f3w Komunalnych, ul. G\u00f3rna &#8211; 723 578 400 Punkt Selektywnej Zbi\u00f3rki Odpad\u00f3w Komunalnych, ul. Firlika &#8211; 723 578 &hellip; Czytaj dalej Kontakt\" \/>\n<meta property=\"og:url\" content=\"https:\/\/ekoporty.szczecin.pl\/?page_id=161\" \/>\n<meta property=\"og:site_name\" content=\"EKOPORTY SZCZECIN\" \/>\n<meta property=\"article:modified_time\" content=\"2025-06-10T09:34:50+00:00\" \/>\n<meta name=\"twitter:card\" content=\"summary_large_image\" \/>\n<meta name=\"twitter:label1\" content=\"Szacowany czas czytania\" \/>\n\t<meta name=\"twitter:data1\" content=\"1 minuta\" \/>\n<script type=\"application\/ld+json\" class=\"yoast-schema-graph\">{\"@context\":\"https:\\\/\\\/schema.org\",\"@graph\":[{\"@type\":\"WebPage\",\"@id\":\"https:\\\/\\\/ekoporty.szczecin.pl\\\/?page_id=161\",\"url\":\"https:\\\/\\\/ekoporty.szczecin.pl\\\/?page_id=161\",\"name\":\"Kontakt &#171; EKOPORTY SZCZECIN\",\"isPartOf\":{\"@id\":\"https:\\\/\\\/ekoporty.szczecin.pl\\\/#website\"},\"datePublished\":\"2017-07-24T15:20:38+00:00\",\"dateModified\":\"2025-06-10T09:34:50+00:00\",\"breadcrumb\":{\"@id\":\"https:\\\/\\\/ekoporty.szczecin.pl\\\/?page_id=161#breadcrumb\"},\"inLanguage\":\"pl-PL\",\"potentialAction\":[{\"@type\":\"ReadAction\",\"target\":[\"https:\\\/\\\/ekoporty.szczecin.pl\\\/?page_id=161\"]}]},{\"@type\":\"BreadcrumbList\",\"@id\":\"https:\\\/\\\/ekoporty.szczecin.pl\\\/?page_id=161#breadcrumb\",\"itemListElement\":[{\"@type\":\"ListItem\",\"position\":1,\"name\":\"Strona g\u0142\u00f3wna\",\"item\":\"https:\\\/\\\/ekoporty.szczecin.pl\\\/\"},{\"@type\":\"ListItem\",\"position\":2,\"name\":\"Kontakt\"}]},{\"@type\":\"WebSite\",\"@id\":\"https:\\\/\\\/ekoporty.szczecin.pl\\\/#website\",\"url\":\"https:\\\/\\\/ekoporty.szczecin.pl\\\/\",\"name\":\"Ekoporty\",\"description\":\"ZUK Szczecin - Punkty Selektywnej Zbi\u00f3rki Odpad\u00f3w Komunalnych - Zapraszamy\",\"publisher\":{\"@id\":\"https:\\\/\\\/ekoporty.szczecin.pl\\\/#organization\"},\"potentialAction\":[{\"@type\":\"SearchAction\",\"target\":{\"@type\":\"EntryPoint\",\"urlTemplate\":\"https:\\\/\\\/ekoporty.szczecin.pl\\\/?s={search_term_string}\"},\"query-input\":{\"@type\":\"PropertyValueSpecification\",\"valueRequired\":true,\"valueName\":\"search_term_string\"}}],\"inLanguage\":\"pl-PL\"},{\"@type\":\"Organization\",\"@id\":\"https:\\\/\\\/ekoporty.szczecin.pl\\\/#organization\",\"name\":\"Zak\u0142ad Us\u0142ug Komunalnych Szczecin\",\"url\":\"https:\\\/\\\/ekoporty.szczecin.pl\\\/\",\"logo\":{\"@type\":\"ImageObject\",\"inLanguage\":\"pl-PL\",\"@id\":\"https:\\\/\\\/ekoporty.szczecin.pl\\\/#\\\/schema\\\/logo\\\/image\\\/\",\"url\":\"http:\\\/\\\/ekoporty.szczecin.pl\\\/wp-content\\\/uploads\\\/2018\\\/03\\\/logo5.jpg\",\"contentUrl\":\"http:\\\/\\\/ekoporty.szczecin.pl\\\/wp-content\\\/uploads\\\/2018\\\/03\\\/logo5.jpg\",\"width\":260,\"height\":66,\"caption\":\"Zak\u0142ad Us\u0142ug Komunalnych Szczecin\"},\"image\":{\"@id\":\"https:\\\/\\\/ekoporty.szczecin.pl\\\/#\\\/schema\\\/logo\\\/image\\\/\"}}]}<\/script>\n<!-- \/ Yoast SEO plugin. -->","yoast_head_json":{"title":"Kontakt &#171; EKOPORTY SZCZECIN","robots":{"index":"index","follow":"follow","max-snippet":"max-snippet:-1","max-image-preview":"max-image-preview:large","max-video-preview":"max-video-preview:-1"},"canonical":"https:\/\/ekoporty.szczecin.pl\/?page_id=161","og_locale":"pl_PL","og_type":"article","og_title":"Kontakt &#171; EKOPORTY SZCZECIN","og_description":"Zak\u0142ad Us\u0142ug Komunalnych w Szczecinie Kierownik Wydzia\u0142u &#8211; Kamil Karabin &#8211; (91) 485 71 65, 723-578-427 e-mail: kamil.karabin@zuk.szczecin.pl Zast\u0119pca Kierownika Wydzia\u0142u &#8211; Jolanta Tarnowska-Jurkiewicz\u00a0(91) 485 71 50 e-mail: jolanta.tarnowska@zuk.szczecin.pl Numery telefon\u00f3w do poszczeg\u00f3lnych Ekoport\u00f3w Punkt Selektywnej Zbi\u00f3rki Odpad\u00f3w Komunalnych, ul. G\u00f3rna &#8211; 723 578 400 Punkt Selektywnej Zbi\u00f3rki Odpad\u00f3w Komunalnych, ul. Firlika &#8211; 723 578 &hellip; Czytaj dalej Kontakt","og_url":"https:\/\/ekoporty.szczecin.pl\/?page_id=161","og_site_name":"EKOPORTY SZCZECIN","article_modified_time":"2025-06-10T09:34:50+00:00","twitter_card":"summary_large_image","twitter_misc":{"Szacowany czas czytania":"1 minuta"},"schema":{"@context":"https:\/\/schema.org","@graph":[{"@type":"WebPage","@id":"https:\/\/ekoporty.szczecin.pl\/?page_id=161","url":"https:\/\/ekoporty.szczecin.pl\/?page_id=161","name":"Kontakt &#171; EKOPORTY SZCZECIN","isPartOf":{"@id":"https:\/\/ekoporty.szczecin.pl\/#website"},"datePublished":"2017-07-24T15:20:38+00:00","dateModified":"2025-06-10T09:34:50+00:00","breadcrumb":{"@id":"https:\/\/ekoporty.szczecin.pl\/?page_id=161#breadcrumb"},"inLanguage":"pl-PL","potentialAction":[{"@type":"ReadAction","target":["https:\/\/ekoporty.szczecin.pl\/?page_id=161"]}]},{"@type":"BreadcrumbList","@id":"https:\/\/ekoporty.szczecin.pl\/?page_id=161#breadcrumb","itemListElement":[{"@type":"ListItem","position":1,"name":"Strona g\u0142\u00f3wna","item":"https:\/\/ekoporty.szczecin.pl\/"},{"@type":"ListItem","position":2,"name":"Kontakt"}]},{"@type":"WebSite","@id":"https:\/\/ekoporty.szczecin.pl\/#website","url":"https:\/\/ekoporty.szczecin.pl\/","name":"Ekoporty","description":"ZUK Szczecin - Punkty Selektywnej Zbi\u00f3rki Odpad\u00f3w Komunalnych - Zapraszamy","publisher":{"@id":"https:\/\/ekoporty.szczecin.pl\/#organization"},"potentialAction":[{"@type":"SearchAction","target":{"@type":"EntryPoint","urlTemplate":"https:\/\/ekoporty.szczecin.pl\/?s={search_term_string}"},"query-input":{"@type":"PropertyValueSpecification","valueRequired":true,"valueName":"search_term_string"}}],"inLanguage":"pl-PL"},{"@type":"Organization","@id":"https:\/\/ekoporty.szczecin.pl\/#organization","name":"Zak\u0142ad Us\u0142ug Komunalnych Szczecin","url":"https:\/\/ekoporty.szczecin.pl\/","logo":{"@type":"ImageObject","inLanguage":"pl-PL","@id":"https:\/\/ekoporty.szczecin.pl\/#\/schema\/logo\/image\/","url":"http:\/\/ekoporty.szczecin.pl\/wp-content\/uploads\/2018\/03\/logo5.jpg","contentUrl":"http:\/\/ekoporty.szczecin.pl\/wp-content\/uploads\/2018\/03\/logo5.jpg","width":260,"height":66,"caption":"Zak\u0142ad Us\u0142ug Komunalnych Szczecin"},"image":{"@id":"https:\/\/ekoporty.szczecin.pl\/#\/schema\/logo\/image\/"}}]}},"jetpack_sharing_enabled":true,"jetpack_shortlink":"https:\/\/wp.me\/P8ZWwp-2B","_links":{"self":[{"href":"https:\/\/ekoporty.szczecin.pl\/index.php?rest_route=\/wp\/v2\/pages\/161","targetHints":{"allow":["GET"]}}],"collection":[{"href":"https:\/\/ekoporty.szczecin.pl\/index.php?rest_route=\/wp\/v2\/pages"}],"about":[{"href":"https:\/\/ekoporty.szczecin.pl\/index.php?rest_route=\/wp\/v2\/types\/page"}],"author":[{"embeddable":true,"href":"https:\/\/ekoporty.szczecin.pl\/index.php?rest_route=\/wp\/v2\/users\/1"}],"replies":[{"embeddable":true,"href":"https:\/\/ekoporty.szczecin.pl\/index.php?rest_route=%2Fwp%2Fv2%2Fcomments&post=161"}],"version-history":[{"count":31,"href":"https:\/\/ekoporty.szczecin.pl\/index.php?rest_route=\/wp\/v2\/pages\/161\/revisions"}],"predecessor-version":[{"id":47338,"href":"https:\/\/ekoporty.szczecin.pl\/index.php?rest_route=\/wp\/v2\/pages\/161\/revisions\/47338"}],"wp:attachment":[{"href":"https:\/\/ekoporty.szczecin.pl\/index.php?rest_route=%2Fwp%2Fv2%2Fmedia&parent=161"}],"curies":[{"name":"wp","href":"https:\/\/api.w.org\/{rel}","templated":true}]}}