{"id":3058,"date":"2018-03-09T09:26:16","date_gmt":"2018-03-09T08:26:16","guid":{"rendered":"http:\/\/ekoporty.szczecin.pl\/?page_id=3058"},"modified":"2020-01-29T16:26:54","modified_gmt":"2020-01-29T15:26:54","slug":"pomoc-udzielana-osobom-prywatnym","status":"publish","type":"page","link":"https:\/\/ekoporty.szczecin.pl\/?page_id=3058","title":{"rendered":"Pomoc udzielana osobom prywatnym"},"content":{"rendered":"<p style=\"text-align: justify;\">Szanowni Pa\u0144stwo.<\/p>\n<p style=\"text-align: justify;\">Galeria Szparga\u0142ek uwzgl\u0119dnia darowizny dokonane na rzecz Organizacji Po\u017cytku Publicznego, kt\u00f3re dzia\u0142aj\u0105 na rzecz mieszka\u0144c\u00f3w Gminy Miasto Szczecin.<\/p>\n<p style=\"text-align: justify;\">W zwi\u0105zku z tym informujemy \u017ce, istnieje mo\u017cliwo\u015b\u0107 udost\u0119pnienia przez Zak\u0142ad Us\u0142ug Komunalnych w Szczecinie symbolu graficznego Galerii Szparga\u0142ek w celu umieszczenia go na przygotowywanych przez Pa\u0144stwa ulotkach z informacj\u0105 o celu zbi\u00f3rki.<\/p>\n<p style=\"text-align: justify;\">Jeste\u015bmy przekonani, \u017ce zach\u0119ci to potencjalnych Darczy\u0144c\u00f3w do dokonywania przelew\u00f3w pieni\u0119\u017cnych na wybrany przez Pa\u0144stwa cel.<\/p>\n<p style=\"text-align: justify;\">Osoby zainteresowane proszone s\u0105 o kontakt mailowy: <a href=\"mailto:ekoport.harcerzy@zuk.szczecin.pl\">ekoport.harcerzy@zuk.szczecin.pl<\/a><\/p>\n<p style=\"text-align: justify;\">W wiadomo\u015bci prosimy poda\u0107 nazw\u0119 Organizacji Po\u017cytku Publicznego oraz mieszka\u0144ca Gminy Miasta Szczecin na rzecz kt\u00f3rego prowadzona jest zbi\u00f3rka.<\/p>\n","protected":false},"excerpt":{"rendered":"<p>Szanowni Pa\u0144stwo. Galeria Szparga\u0142ek uwzgl\u0119dnia darowizny dokonane na rzecz Organizacji Po\u017cytku Publicznego, kt\u00f3re dzia\u0142aj\u0105 na rzecz mieszka\u0144c\u00f3w Gminy Miasto Szczecin. W zwi\u0105zku z tym informujemy \u017ce, istnieje mo\u017cliwo\u015b\u0107 udost\u0119pnienia przez Zak\u0142ad Us\u0142ug Komunalnych w Szczecinie symbolu graficznego Galerii Szparga\u0142ek w celu umieszczenia go na przygotowywanych przez Pa\u0144stwa ulotkach z informacj\u0105 o celu zbi\u00f3rki. Jeste\u015bmy przekonani, &hellip; <a href=\"https:\/\/ekoporty.szczecin.pl\/?page_id=3058\" class=\"more-link\">Czytaj dalej <span class=\"screen-reader-text\">Pomoc udzielana osobom prywatnym<\/span><\/a><\/p>\n","protected":false},"author":7,"featured_media":0,"parent":0,"menu_order":0,"comment_status":"closed","ping_status":"closed","template":"","meta":{"footnotes":""},"class_list":["post-3058","page","type-page","status-publish","hentry"],"yoast_head":"<!-- This site is optimized with the Yoast SEO plugin v27.5 - https:\/\/yoast.com\/product\/yoast-seo-wordpress\/ -->\n<title>Pomoc udzielana osobom prywatnym &#171; EKOPORTY SZCZECIN<\/title>\n<meta name=\"robots\" content=\"index, follow, max-snippet:-1, max-image-preview:large, max-video-preview:-1\" \/>\n<link rel=\"canonical\" href=\"https:\/\/ekoporty.szczecin.pl\/?page_id=3058\" \/>\n<meta property=\"og:locale\" content=\"pl_PL\" \/>\n<meta property=\"og:type\" content=\"article\" \/>\n<meta property=\"og:title\" content=\"Pomoc udzielana osobom prywatnym &#171; EKOPORTY SZCZECIN\" \/>\n<meta property=\"og:description\" content=\"Szanowni Pa\u0144stwo. Galeria Szparga\u0142ek uwzgl\u0119dnia darowizny dokonane na rzecz Organizacji Po\u017cytku Publicznego, kt\u00f3re dzia\u0142aj\u0105 na rzecz mieszka\u0144c\u00f3w Gminy Miasto Szczecin. W zwi\u0105zku z tym informujemy \u017ce, istnieje mo\u017cliwo\u015b\u0107 udost\u0119pnienia przez Zak\u0142ad Us\u0142ug Komunalnych w Szczecinie symbolu graficznego Galerii Szparga\u0142ek w celu umieszczenia go na przygotowywanych przez Pa\u0144stwa ulotkach z informacj\u0105 o celu zbi\u00f3rki. Jeste\u015bmy przekonani, &hellip; Czytaj dalej Pomoc udzielana osobom prywatnym\" \/>\n<meta property=\"og:url\" content=\"https:\/\/ekoporty.szczecin.pl\/?page_id=3058\" \/>\n<meta property=\"og:site_name\" content=\"EKOPORTY SZCZECIN\" \/>\n<meta property=\"article:modified_time\" content=\"2020-01-29T15:26:54+00:00\" \/>\n<meta name=\"twitter:card\" content=\"summary_large_image\" \/>\n<meta name=\"twitter:label1\" content=\"Szacowany czas czytania\" \/>\n\t<meta name=\"twitter:data1\" content=\"1 minuta\" \/>\n<script type=\"application\/ld+json\" class=\"yoast-schema-graph\">{\"@context\":\"https:\\\/\\\/schema.org\",\"@graph\":[{\"@type\":\"WebPage\",\"@id\":\"https:\\\/\\\/ekoporty.szczecin.pl\\\/?page_id=3058\",\"url\":\"https:\\\/\\\/ekoporty.szczecin.pl\\\/?page_id=3058\",\"name\":\"Pomoc udzielana osobom prywatnym &#171; EKOPORTY SZCZECIN\",\"isPartOf\":{\"@id\":\"https:\\\/\\\/ekoporty.szczecin.pl\\\/#website\"},\"datePublished\":\"2018-03-09T08:26:16+00:00\",\"dateModified\":\"2020-01-29T15:26:54+00:00\",\"breadcrumb\":{\"@id\":\"https:\\\/\\\/ekoporty.szczecin.pl\\\/?page_id=3058#breadcrumb\"},\"inLanguage\":\"pl-PL\",\"potentialAction\":[{\"@type\":\"ReadAction\",\"target\":[\"https:\\\/\\\/ekoporty.szczecin.pl\\\/?page_id=3058\"]}]},{\"@type\":\"BreadcrumbList\",\"@id\":\"https:\\\/\\\/ekoporty.szczecin.pl\\\/?page_id=3058#breadcrumb\",\"itemListElement\":[{\"@type\":\"ListItem\",\"position\":1,\"name\":\"Strona g\u0142\u00f3wna\",\"item\":\"https:\\\/\\\/ekoporty.szczecin.pl\\\/\"},{\"@type\":\"ListItem\",\"position\":2,\"name\":\"Pomoc udzielana osobom prywatnym\"}]},{\"@type\":\"WebSite\",\"@id\":\"https:\\\/\\\/ekoporty.szczecin.pl\\\/#website\",\"url\":\"https:\\\/\\\/ekoporty.szczecin.pl\\\/\",\"name\":\"Ekoporty\",\"description\":\"ZUK Szczecin - Punkty Selektywnej Zbi\u00f3rki Odpad\u00f3w Komunalnych - Zapraszamy\",\"publisher\":{\"@id\":\"https:\\\/\\\/ekoporty.szczecin.pl\\\/#organization\"},\"potentialAction\":[{\"@type\":\"SearchAction\",\"target\":{\"@type\":\"EntryPoint\",\"urlTemplate\":\"https:\\\/\\\/ekoporty.szczecin.pl\\\/?s={search_term_string}\"},\"query-input\":{\"@type\":\"PropertyValueSpecification\",\"valueRequired\":true,\"valueName\":\"search_term_string\"}}],\"inLanguage\":\"pl-PL\"},{\"@type\":\"Organization\",\"@id\":\"https:\\\/\\\/ekoporty.szczecin.pl\\\/#organization\",\"name\":\"Zak\u0142ad Us\u0142ug Komunalnych Szczecin\",\"url\":\"https:\\\/\\\/ekoporty.szczecin.pl\\\/\",\"logo\":{\"@type\":\"ImageObject\",\"inLanguage\":\"pl-PL\",\"@id\":\"https:\\\/\\\/ekoporty.szczecin.pl\\\/#\\\/schema\\\/logo\\\/image\\\/\",\"url\":\"http:\\\/\\\/ekoporty.szczecin.pl\\\/wp-content\\\/uploads\\\/2018\\\/03\\\/logo5.jpg\",\"contentUrl\":\"http:\\\/\\\/ekoporty.szczecin.pl\\\/wp-content\\\/uploads\\\/2018\\\/03\\\/logo5.jpg\",\"width\":260,\"height\":66,\"caption\":\"Zak\u0142ad Us\u0142ug Komunalnych Szczecin\"},\"image\":{\"@id\":\"https:\\\/\\\/ekoporty.szczecin.pl\\\/#\\\/schema\\\/logo\\\/image\\\/\"}}]}<\/script>\n<!-- \/ Yoast SEO plugin. -->","yoast_head_json":{"title":"Pomoc udzielana osobom prywatnym &#171; EKOPORTY SZCZECIN","robots":{"index":"index","follow":"follow","max-snippet":"max-snippet:-1","max-image-preview":"max-image-preview:large","max-video-preview":"max-video-preview:-1"},"canonical":"https:\/\/ekoporty.szczecin.pl\/?page_id=3058","og_locale":"pl_PL","og_type":"article","og_title":"Pomoc udzielana osobom prywatnym &#171; EKOPORTY SZCZECIN","og_description":"Szanowni Pa\u0144stwo. Galeria Szparga\u0142ek uwzgl\u0119dnia darowizny dokonane na rzecz Organizacji Po\u017cytku Publicznego, kt\u00f3re dzia\u0142aj\u0105 na rzecz mieszka\u0144c\u00f3w Gminy Miasto Szczecin. W zwi\u0105zku z tym informujemy \u017ce, istnieje mo\u017cliwo\u015b\u0107 udost\u0119pnienia przez Zak\u0142ad Us\u0142ug Komunalnych w Szczecinie symbolu graficznego Galerii Szparga\u0142ek w celu umieszczenia go na przygotowywanych przez Pa\u0144stwa ulotkach z informacj\u0105 o celu zbi\u00f3rki. Jeste\u015bmy przekonani, &hellip; Czytaj dalej Pomoc udzielana osobom prywatnym","og_url":"https:\/\/ekoporty.szczecin.pl\/?page_id=3058","og_site_name":"EKOPORTY SZCZECIN","article_modified_time":"2020-01-29T15:26:54+00:00","twitter_card":"summary_large_image","twitter_misc":{"Szacowany czas czytania":"1 minuta"},"schema":{"@context":"https:\/\/schema.org","@graph":[{"@type":"WebPage","@id":"https:\/\/ekoporty.szczecin.pl\/?page_id=3058","url":"https:\/\/ekoporty.szczecin.pl\/?page_id=3058","name":"Pomoc udzielana osobom prywatnym &#171; EKOPORTY SZCZECIN","isPartOf":{"@id":"https:\/\/ekoporty.szczecin.pl\/#website"},"datePublished":"2018-03-09T08:26:16+00:00","dateModified":"2020-01-29T15:26:54+00:00","breadcrumb":{"@id":"https:\/\/ekoporty.szczecin.pl\/?page_id=3058#breadcrumb"},"inLanguage":"pl-PL","potentialAction":[{"@type":"ReadAction","target":["https:\/\/ekoporty.szczecin.pl\/?page_id=3058"]}]},{"@type":"BreadcrumbList","@id":"https:\/\/ekoporty.szczecin.pl\/?page_id=3058#breadcrumb","itemListElement":[{"@type":"ListItem","position":1,"name":"Strona g\u0142\u00f3wna","item":"https:\/\/ekoporty.szczecin.pl\/"},{"@type":"ListItem","position":2,"name":"Pomoc udzielana osobom prywatnym"}]},{"@type":"WebSite","@id":"https:\/\/ekoporty.szczecin.pl\/#website","url":"https:\/\/ekoporty.szczecin.pl\/","name":"Ekoporty","description":"ZUK Szczecin - Punkty Selektywnej Zbi\u00f3rki Odpad\u00f3w Komunalnych - Zapraszamy","publisher":{"@id":"https:\/\/ekoporty.szczecin.pl\/#organization"},"potentialAction":[{"@type":"SearchAction","target":{"@type":"EntryPoint","urlTemplate":"https:\/\/ekoporty.szczecin.pl\/?s={search_term_string}"},"query-input":{"@type":"PropertyValueSpecification","valueRequired":true,"valueName":"search_term_string"}}],"inLanguage":"pl-PL"},{"@type":"Organization","@id":"https:\/\/ekoporty.szczecin.pl\/#organization","name":"Zak\u0142ad Us\u0142ug Komunalnych Szczecin","url":"https:\/\/ekoporty.szczecin.pl\/","logo":{"@type":"ImageObject","inLanguage":"pl-PL","@id":"https:\/\/ekoporty.szczecin.pl\/#\/schema\/logo\/image\/","url":"http:\/\/ekoporty.szczecin.pl\/wp-content\/uploads\/2018\/03\/logo5.jpg","contentUrl":"http:\/\/ekoporty.szczecin.pl\/wp-content\/uploads\/2018\/03\/logo5.jpg","width":260,"height":66,"caption":"Zak\u0142ad Us\u0142ug Komunalnych Szczecin"},"image":{"@id":"https:\/\/ekoporty.szczecin.pl\/#\/schema\/logo\/image\/"}}]}},"jetpack_sharing_enabled":true,"jetpack_shortlink":"https:\/\/wp.me\/P8ZWwp-Nk","_links":{"self":[{"href":"https:\/\/ekoporty.szczecin.pl\/index.php?rest_route=\/wp\/v2\/pages\/3058","targetHints":{"allow":["GET"]}}],"collection":[{"href":"https:\/\/ekoporty.szczecin.pl\/index.php?rest_route=\/wp\/v2\/pages"}],"about":[{"href":"https:\/\/ekoporty.szczecin.pl\/index.php?rest_route=\/wp\/v2\/types\/page"}],"author":[{"embeddable":true,"href":"https:\/\/ekoporty.szczecin.pl\/index.php?rest_route=\/wp\/v2\/users\/7"}],"replies":[{"embeddable":true,"href":"https:\/\/ekoporty.szczecin.pl\/index.php?rest_route=%2Fwp%2Fv2%2Fcomments&post=3058"}],"version-history":[{"count":3,"href":"https:\/\/ekoporty.szczecin.pl\/index.php?rest_route=\/wp\/v2\/pages\/3058\/revisions"}],"predecessor-version":[{"id":24953,"href":"https:\/\/ekoporty.szczecin.pl\/index.php?rest_route=\/wp\/v2\/pages\/3058\/revisions\/24953"}],"wp:attachment":[{"href":"https:\/\/ekoporty.szczecin.pl\/index.php?rest_route=%2Fwp%2Fv2%2Fmedia&parent=3058"}],"curies":[{"name":"wp","href":"https:\/\/api.w.org\/{rel}","templated":true}]}}

<p style="text-align: justify;">Szanowni Państwo.</p>
<p style="text-align: justify;">Galeria Szpargałek uwzględnia darowizny dokonane na rzecz Organizacji Pożytku Publicznego, które działają na rzecz mieszkańców Gminy Miasto Szczecin.</p>
<p style="text-align: justify;">W związku z tym informujemy że, istnieje możliwość udostępnienia przez Zakład Usług Komunalnych w Szczecinie symbolu graficznego Galerii Szpargałek w celu umieszczenia go na przygotowywanych przez Państwa ulotkach z informacją o celu zbiórki.</p>
<p style="text-align: justify;">Jesteśmy przekonani, że zachęci to potencjalnych Darczyńców do dokonywania przelewów pieniężnych na wybrany przez Państwa cel.</p>
<p style="text-align: justify;">Osoby zainteresowane proszone są o kontakt mailowy: <a href="mailto:ekoport.harcerzy@zuk.szczecin.pl">ekoport.harcerzy@zuk.szczecin.pl</a></p>
<p style="text-align: justify;">W wiadomości prosimy podać nazwę Organizacji Pożytku Publicznego oraz mieszkańca Gminy Miasta Szczecin na rzecz którego prowadzona jest zbiórka.</p>

<p>Szanowni Państwo. Galeria Szpargałek uwzględnia darowizny dokonane na rzecz Organizacji Pożytku Publicznego, które działają na rzecz mieszkańców Gminy Miasto Szczecin. W związku z tym informujemy że, istnieje możliwość udostępnienia przez Zakład Usług Komunalnych w Szczecinie symbolu graficznego Galerii Szpargałek w celu umieszczenia go na przygotowywanych przez Państwa ulotkach z informacją o celu zbiórki. Jesteśmy przekonani, &hellip; <a href="https://ekoporty.szczecin.pl/?page_id=3058" class="more-link">Czytaj dalej <span class="screen-reader-text">Pomoc udzielana osobom prywatnym</span></a></p>

<!-- This site is optimized with the Yoast SEO plugin v27.5 - https://yoast.com/product/yoast-seo-wordpress/ -->
<title>Pomoc udzielana osobom prywatnym &#171; EKOPORTY SZCZECIN</title>
<meta name="robots" content="index, follow, max-snippet:-1, max-image-preview:large, max-video-preview:-1" />
<link rel="canonical" href="https://ekoporty.szczecin.pl/?page_id=3058" />
<meta property="og:locale" content="pl_PL" />
<meta property="og:type" content="article" />
<meta property="og:title" content="Pomoc udzielana osobom prywatnym &#171; EKOPORTY SZCZECIN" />
<meta property="og:description" content="Szanowni Państwo. Galeria Szpargałek uwzględnia darowizny dokonane na rzecz Organizacji Pożytku Publicznego, które działają na rzecz mieszkańców Gminy Miasto Szczecin. W związku z tym informujemy że, istnieje możliwość udostępnienia przez Zakład Usług Komunalnych w Szczecinie symbolu graficznego Galerii Szpargałek w celu umieszczenia go na przygotowywanych przez Państwa ulotkach z informacją o celu zbiórki. Jesteśmy przekonani, &hellip; Czytaj dalej Pomoc udzielana osobom prywatnym" />
<meta property="og:url" content="https://ekoporty.szczecin.pl/?page_id=3058" />
<meta property="og:site_name" content="EKOPORTY SZCZECIN" />
<meta property="article:modified_time" content="2020-01-29T15:26:54+00:00" />
<meta name="twitter:card" content="summary_large_image" />
<meta name="twitter:label1" content="Szacowany czas czytania" />
	<meta name="twitter:data1" content="1 minuta" />
<script type="application/ld+json" class="yoast-schema-graph">{"@context":"https:\/\/schema.org","@graph":[{"@type":"WebPage","@id":"https:\/\/ekoporty.szczecin.pl\/?page_id=3058","url":"https:\/\/ekoporty.szczecin.pl\/?page_id=3058","name":"Pomoc udzielana osobom prywatnym &#171; EKOPORTY SZCZECIN","isPartOf":{"@id":"https:\/\/ekoporty.szczecin.pl\/#website"},"datePublished":"2018-03-09T08:26:16+00:00","dateModified":"2020-01-29T15:26:54+00:00","breadcrumb":{"@id":"https:\/\/ekoporty.szczecin.pl\/?page_id=3058#breadcrumb"},"inLanguage":"pl-PL","potentialAction":[{"@type":"ReadAction","target":["https:\/\/ekoporty.szczecin.pl\/?page_id=3058"]}]},{"@type":"BreadcrumbList","@id":"https:\/\/ekoporty.szczecin.pl\/?page_id=3058#breadcrumb","itemListElement":[{"@type":"ListItem","position":1,"name":"Strona główna","item":"https:\/\/ekoporty.szczecin.pl\/"},{"@type":"ListItem","position":2,"name":"Pomoc udzielana osobom prywatnym"}]},{"@type":"WebSite","@id":"https:\/\/ekoporty.szczecin.pl\/#website","url":"https:\/\/ekoporty.szczecin.pl\/","name":"Ekoporty","description":"ZUK Szczecin - Punkty Selektywnej Zbiórki Odpadów Komunalnych - Zapraszamy","publisher":{"@id":"https:\/\/ekoporty.szczecin.pl\/#organization"},"potentialAction":[{"@type":"SearchAction","target":{"@type":"EntryPoint","urlTemplate":"https:\/\/ekoporty.szczecin.pl\/?s={search_term_string}"},"query-input":{"@type":"PropertyValueSpecification","valueRequired":true,"valueName":"search_term_string"}}],"inLanguage":"pl-PL"},{"@type":"Organization","@id":"https:\/\/ekoporty.szczecin.pl\/#organization","name":"Zakład Usług Komunalnych Szczecin","url":"https:\/\/ekoporty.szczecin.pl\/","logo":{"@type":"ImageObject","inLanguage":"pl-PL","@id":"https:\/\/ekoporty.szczecin.pl\/#\/schema\/logo\/image\/","url":"http:\/\/ekoporty.szczecin.pl\/wp-content\/uploads\/2018\/03\/logo5.jpg","contentUrl":"http:\/\/ekoporty.szczecin.pl\/wp-content\/uploads\/2018\/03\/logo5.jpg","width":260,"height":66,"caption":"Zakład Usług Komunalnych Szczecin"},"image":{"@id":"https:\/\/ekoporty.szczecin.pl\/#\/schema\/logo\/image\/"}}]}</script>
<!-- / Yoast SEO plugin. -->

Szanowni Państwo. Galeria Szpargałek uwzględnia darowizny dokonane na rzecz Organizacji Pożytku Publicznego, które działają na rzecz mieszkańców Gminy Miasto Szczecin. W związku z tym informujemy że, istnieje możliwość udostępnienia przez Zakład Usług Komunalnych w Szczecinie symbolu graficznego Galerii Szpargałek w celu umieszczenia go na przygotowywanych przez Państwa ulotkach z informacją o celu zbiórki. Jesteśmy przekonani, &hellip; Czytaj dalej Pomoc udzielana osobom prywatnym

Strona główna

ZUK Szczecin - Punkty Selektywnej Zbiórki Odpadów Komunalnych - Zapraszamy

Zakład Usług Komunalnych Szczecin
